er when 7 is divided by x.
1
Suppose 4*m + 5 = -3*u, 4*m + 2*u = 6*u - 12. Calculate the remainder when 3 + (8 - m) - 2 is divided by 7.
4
Let u(j) = -1 + 3 + 0 + 12*j. Suppose 0 = 5*y - 62 + 17. What is the remainder when u(2) is divided by y?
8
Calculate the remainder when 4/7 + 2193/119 is divided by 11.
8
Let s be (4 + 0)*(-1)/(-2). What is the remainder when -2 + (s - 4 - -26) is divided by 6?
4
Suppose 220 = 17*a - 13*a. What is the remainder when 273 is divided by a?
53
Suppose 2*o - 100 = -3*o. What is the remainder when 76 is divided by o?
16
Let g = -149 + 153. Calculate the remainder when 15 is divided by g.
3
Suppose a + 4 = -4*z - 8, -4*z - 24 = -2*a. Suppose g - 5 = -3*x, -2*x - a*g + g + 1 = 0. What is the remainder when 46 is divided by (-3)/(x - 5)*16?
14
Let u = -11 + 26. Suppose -d = -2*w + 122, -4*w + 252 = -8*d + 4*d. Calculate the remainder when w is divided by u.
14
Let n = 63 + -25. Suppose -3*f = -f. Let w = f + 13. What is the remainder when n is divided by w?
12
Let m = 28 - 16. What is the remainder when m is divided by 7?
5
Let z(i) = -i**3 - 11*i**2 - 12*i + 2. Let o be z(-10). What is the remainder when o/(4 + -6 - -3) is divided by 6?
4
Let d(s) = -3*s**2 + 1 + 4*s**3 + 0*s**2 + 3*s + 2*s**2 - 5*s. Calculate the remainder when d(2) is divided by 14.
11
Suppose -2*v + 58 = 12. Let b = -8 - -11. Calculate the remainder when v is divided by 41/b + (-12)/18.
10
Calculate the remainder when 2604/15 + 0 + 8/20 is divided by 22.
20
Let s = -29 + 43. Suppose b + 5*l + 39 = 0, -21 = -b + 2*b - l. Let p = 2 - b. Calculate the remainder when p is divided by s.
12
Suppose 3*c - 46 = -5*z - 0*z, 3*c - 31 = -2*z. Calculate the remainder when 20 is divided by c.
6
Let t = 1 + 2. Let a = t - 5. What is the remainder when (-2 - a) + (-54)/(-3) is divided by 10?
8
Let o(c) = c**3 - 3*c**2 + c. Suppose -2*j + j = -14. What is the remainder when o(5) is divided by j?
13
Suppose -9 = o - 2*o. Suppose 14 = b - 12. What is the remainder when b is divided by o?
8
Let x = 15 + 1. Let v = 139 + -77. What is the remainder when v is divided by x?
14
Let c = 112 + -63. Suppose 3 = -w - 5*j, -j - 2*j + 56 = 4*w. Calculate the remainder when c is divided by w.
15
Let b(r) = 0 - 1 + 4*r - 3. What is the remainder when 2 + (-265)/(-8) + (-7)/56 is divided by b(4)?
11
Calculate the remainder when (-12)/((-7)/(112/12)) is divided by 10.
6
Suppose -5*f = 0, 0 = 3*g + 3*f - 10 - 8. Calculate the remainder when 16 is divided by g.
4
Let z(n) = -3*n - 18. What is the remainder when 13 is divided by z(-9)?
4
Suppose -a = -d - 2 + 43, 3*d - 33 = a. Let p = 84 + a. What is the remainder when p is divided by 10?
9
Suppose 3*v - 10 - 2 = 0. What is the remainder when 10 is divided by v?
2
What is the remainder when (-912)/(-36)*3/2 is divided by 13?
12
Let l = 92 + -55. Let n(r) = -r**2 + 8*r - 10. Let g be n(6). Suppose -7*v = -g*v - 95. Calculate the remainder when l is divided by v.
18
Let v = -9 - -8. Calculate the remainder when 21 is divided by (7 - v) + 1 - -2.
10
Suppose 8 = -k - 2*j, 7 - 26 = -2*k + 3*j. Suppose -1 + 9 = k*c. Suppose 2*m = n + 2*n - 23, -4*n + 3*m + 31 = 0. What is the remainder when n is divided by c?
3
Let d(r) = -3*r**2 + 6*r. Let w be d(6). Calculate the remainder when 52 is divided by (-21)/(-2)*w/(-42).
16
Let z = 250 - 39. Calculate the remainder when z is divided by 53.
52
Let y be (-3)/5 + (-729)/(-15). Let i = y + -31. Calculate the remainder when i is divided by 10.
7
Let o(j) = j + 7. Let q be o(0). Suppose 0*d = -d + q. Suppose 7*x - 3*x = -5*n + d, -x = -n + 5. What is the remainder when 8 is divided by n?
2
Let p(l) = l**3 - 4*l**2 + 5*l - 1. Let h be p(3). Suppose 0 = -3*q + b + 123, -2*q + 3*b + 41 = -q. What is the remainder when q is divided by 2 + h + (6 - 2)?
8
Let t(d) = d - 2. Let n be t(4). What is the remainder when (2 - 1)*(5 - n) is divided by (4/(-3))/((-16)/24)?
1
Let t(w) = -4*w + 6. Let c be t(-6). Suppose 3*j - 14 - c = 2*s, -4*j = 4*s - 72. Let p = 57 + -51. What is the remainder when j is divided by p?
4
Let l = -87 + 111. Calculate the remainder when l is divided by 9.
6
Suppose 9*w = 4*w + 10. Suppose -j = 1 - 0, 46 = w*m + 2*j. Calculate the remainder when 70 is divided by m.
22
Let r = -50 + 78. Calculate the remainder when r is divided by 15.
13
What is the remainder when 15 is divided by -4*5*(-2)/4?
5
Let l be (-3)/9 - 39/(-9). Calculate the remainder when 45 is divided by (2 + l)*(-2)/(-1).
9
Suppose -2*u = -q - 0 - 13, -5*q - 25 = 0. What is the remainder when 9 is divided by u?
1
Suppose -2*f + 3*f = 4*g - 16, 0 = -f. What is the remainder when 19 is divided by g?
3
Let d = 1 - -5. Let l(o) = 3*o - 5. Calculate the remainder when 37 is divided by l(d).
11
Let z be -6*2/4 + -2. Calculate the remainder when (4/(-3))/(4/(-42)) is divided by z/(-1)*(-16)/(-10).
6
Let q(a) = a**2 + 6*a + 7. Let k(g) = 6*g + 1. Let s be k(-1). What is the remainder when q(s) is divided by 1?
0
Suppose 5*o = 2*o + 33. Calculate the remainder when 41 is divided by o.
8
Let x(b) = b**2 - 6. What is the remainder when 29 is divided by x(-4)?
9
Let q(g) = g**3 + 7*g**2 - 10*g. Calculate the remainder when 31 is divided by q(-8).
15
Let x = -4 + 6. Suppose -5*c + 11 = -t - x*c, 0 = 4*c - 20. Let h = -5 + 11. Calculate the remainder when h is divided by t.
2
Let d = 74 - -21. Suppose 3*g = 2*g - 3*r - 67, 43 = -g + 5*r. Let n = g + d. Calculate the remainder when n is divided by 19.
18
Suppose 0*b + 31 = 5*s + 3*b, 0 = 5*s - 3*b - 19. What is the remainder when 14 is divided by s?
4
Suppose 105 - 25 = 4*y. Suppose -y = -q - 1. Calculate the remainder when q is divided by 10.
9
Let q = 77 - 45. Suppose p + 4*j - 2*j = 1, -3*p - j + 13 = 0. Suppose -4*z + 2*z + p*w - 3 = 0, z = 5*w - 14. Calculate the remainder when q is divided by z.
10
Let g(j) = -j**2 - 6*j - 3. Let s be g(-4). Suppose 2*t = 4*p - p + 6, p = s*t + 11. Let z(r) = -4*r - 2. Calculate the remainder when 39 is divided by z(p).
11
Let q = -178 - -183. Calculate the remainder when 9 is divided by q.
4
Let j(m) = -5*m**2 - 2*m - 101. Let v(i) = -11*i**2 - 4*i - 201. Let z(r) = -13*j(r) + 6*v(r). What is the remainder when z(0) is divided by 27?
26
What is the remainder when 31 is divided by ((-336)/140)/((8/(-30))/2)?
13
Let s(o) = 29*o + 11. Let z(v) = v**2 + v - 2. What is the remainder when s(2) is divided by z(-5)?
15
Suppose 5*y - 100 = -0. What is the remainder when y is divided by 6?
2
Let v(i) = -3*i + 28. Calculate the remainder when 14 is divided by v(6).
4
Let s(w) = -2*w + 11. What is the remainder when 13 is divided by s(1)?
4
Suppose j = -2*x - 3*x + 15, -5*j + 29 = 2*x. Let t = 6 - 5. What is the remainder when x is divided by t?
0
Let m be ((-2)/6)/(3/171). Let i = 39 + m. What is the remainder when 57 is divided by i?
17
Let r = 4 - 0. Suppose 0 = -0*p - 2*p + r. Suppose -2*s + 8 = p*s. Calculate the remainder when 3 is divided by s.
1
Suppose n - 50 = -n. Calculate the remainder when 41 is divided by n.
16
Calculate the remainder when 56 is divided by 256/14 + -3 - 2/7.
11
Let l = -2 - -4. Let i be 115 + (-2 - 1) - l. Suppose 0*k + i = 5*k. Calculate the remainder when k is divided by 8.
6
Suppose 4*u - 22 - 22 = 0. Let q(s) = -s**2 + 12*s + 8. Calculate the remainder when q(u) is divided by 5.
4
Suppose b = 4*b - 12. Suppose 2*c = 0, 2*o + 2*c = -0*c - 24. What is the remainder when b is divided by (o/8)/((-1)/2)?
1
Let z(m) = m - 9. Let w be (18 - 0)/3 + 3. Let q be z(w). Suppose -u = 2*a - 46, q*u = -5*a + 5*u + 100. What is the remainder when 65 is divided by a?
21
Suppose -3*j = k - 4*k + 9, 0 = -k + 5. Suppose 0 = -3*s + j + 31. What is the remainder when 31 is divided by s?
9
Let b = -29 - -53. Suppose -4*l = -5*p + b, 4*p = -3*l + 5*l + 18. What is the remainder when 5 is divided by p?
1
What is the remainder when 43 is divided by (-1)/(-2)*(16 - -6)?
10
Suppose -3*c + 2 + 1 = 0. Let w(s) = c - 2 + 3*s**2 - 2*s - 2*s**2. Calculate the remainder when w(-4) is divided by 6.
5
Suppose 52 = 4*b + 5*z, -3*z = -4*b + 29 - 9. Suppose 15 = -5*l, -3*i = -2*i + l - b. Calculate the remainder when 30 is divided by i.
8
Let k(z) = z**3 + 3*z**2 - 2*z - 1. Let n = 2 - -2. What is the remainder when k(2) is divided by n?
3
Let x = 18 - 12